. Let h = -15 - p. What are the prime factors of h?
13
Let z(h) = -h**2 - 6*h - 2. Let k be z(-4). Let o(l) = -17*l + 17*l + 4 + 6*l**2 - 2*l**3 + l**3. List the prime factors of o(k).
2
Let c(f) = -3*f**2 - 5 + 4*f**2 + 1. List the prime factors of c(4).
2, 3
Let b be -2 + 7/(-3)*-3. Suppose s - 4 = 2*v, -10 = b*s - v + 15. List the prime factors of 1/s - (-158)/12.
13
Let g(f) = 7*f - 6. Let b(m) = 7*m - 5. Let n(c) = -3*b(c) + 2*g(c). What are the prime factors of n(-5)?
2, 19
Suppose s + 10 = 5*m - 4*s, 0 = -m - 4*s - 18. Let j be (-1149)/(-21) - m/7. Suppose 5*k = -2*n + j, k + n - 4 = 2*n. What are the prime factors of k?
3
Let f(b) = -b + 12. Let l be f(9). Suppose l*r + r = 68. What are the prime factors of r?
17
Suppose 15 = 7*v - 2*v. Suppose -12 = 2*a - 4*s, -7 = -v*a - 4*s + 5*s. What are the prime factors of a?
2
Let v(g) = -g**3 + g**2 - 1. Let c be v(1). Let u(t) = 19*t**2 - t - 1. Let i be u(c). Let j = -9 + i. List the prime factors of j.
2, 5
Let l = 3 + -3. Suppose l = -0*d - 2*d - 42. Let h = -12 - d. List the prime factors of h.
3
List the prime factors of 3314/14 - (-34)/119.
3, 79
Suppose 3*m + 8 = -3*z + 2, 0 = m + 2. Suppose z = -3*b + 5*b - 10. List the prime factors of b.
5
Let i(c) be the first derivative of -7*c - 1 - 5*c**2 - 1/3*c**3. List the prime factors of i(-5).
2, 3
Let h be (-4)/6 - 48/9. What are the prime factors of 4/(-6) - 52/h?
2
Let v(j) = 2*j**2 - 11*j + 6. List the prime factors of v(8).
2, 23
Let u(r) = -r. Let z be u(0). Let i = z - 3. List the prime factors of (-4)/6 - 17/i.
5
Let h(j) be the second derivative of j**5/20 - j**4/2 + j**3/6 - 3*j**2 - 2*j. Let r be h(6). Suppose 4*s - 48 = -r*s. What are the prime factors of s?
2, 3
Let w(j) = 151*j**2 - j. Let z be w(1). Suppose 2*k + k = -z. List the prime factors of (-5)/15 + k/(-6).
2
Suppose v = 2*v - 7. Let h = -3 + v. What are the prime factors of h?
2
Suppose -15 = -4*i - 59. Let n(a) = a**3 + 11*a**2 + 13. Let y be n(i). Suppose 0 = 4*p - 73 + y. List the prime factors of p.
3, 5
Suppose 23 + 1 = -3*i. What are the prime factors of i/(-28) - (-136)/14?
2, 5
Suppose -10*n + 8*n = 0. Suppose 3*j - 5*z + 1 = n, -30 = -5*j - 0*z + 2*z. What are the prime factors of j?
2
Suppose -2*i + 28 = -2. List the prime factors of i.
3, 5
Suppose 4*o - j - 22 - 1 = 0, 4*j + 17 = o. Suppose -d = -4*r + 29, 0 = 3*r + o*d + 1 - 17. List the prime factors of r.
7
Suppose -2*q = -k + 21, q = 4*k + k - 87. List the prime factors of k.
17
Let q(w) = 175*w**2 + 4*w + 4. What are the prime factors of q(-1)?
5, 7
Suppose 10*r = 5*r + 165. List the prime factors of r.
3, 11
Suppose 0 = -4*r + 85 + 51. What are the prime factors of r?
2, 17
Let q = -5 - -9. Suppose 10 = -q*c - 2*v + 2, -3*c + 4 = -v. Let t = c + 4. What are the prime factors of t?
2
Suppose 24 = i + i. What are the prime factors of ((-6)/4)/((-6)/i)?
3
Let y be (-140)/(-18) - (-2)/9. Suppose -7*g + 4*p = -3*g + 28, g + p = -5. Let d = y + g. What are the prime factors of d?
2
Let y = -43 - -15. Let p = y + 39. List the prime factors of p.
11
Suppose 2*g = -b + 7*g - 10, 3*g - 9 = 0. Suppose 0 = j + b*u + 12, -3*j - 21 = -5*j - u. What are the prime factors of j?
13
Let q be ((-30)/(-6))/(0 + 1). Suppose -q*k = -6 + 1. List the prime factors of (-16 - 1)*(k + -2).
17
Suppose 17*f = 15*f + 244. List the prime factors of f.
2, 61
Let a = 60 - 42. Suppose 2*m = -0*m + a. What are the prime factors of m?
3
Let u(s) be the third derivative of 0*s**3 + 0*s + 1/20*s**5 + 0 - s**2 + 0*s**4. What are the prime factors of u(-2)?
2, 3
Let s be 2/11 - 4/22. Suppose 0*c + 4*c - 32 = -2*f, s = 3*f + 2*c - 40. List the prime factors of f.
2, 3
Let w(n) = -n + 10. Let o be w(7). Suppose 4*b = 3*b + 3*v - 125, -4*b - 575 = o*v. List the prime factors of b/(-21) - (-1)/3.
7
Suppose 0*z + 2 = z. Suppose z*h - 6 = -2*f, 3*h = f + 3*f + 23. What are the prime factors of (-2)/5 + 17/h?
3
List the prime factors of -4*(-21)/6 + 1.
3, 5
Let l = -9 - -7. Let b be (-1 + 5/2)*l. List the prime factors of (1 - b) + 6/3.
2, 3
Let z(j) = -j**2 + 2*j + 1. Let o be z(3). Let w be o/(-3 - (-15)/6). Suppose 8 = 3*s + w*k - 59, -5*s - 5*k = -105. List the prime factors of s.
17
Let b = 25 + -35. Let c(x) = 6*x**2 - 51*x + 24. Let n(z) = -z**2 + 10*z - 5. Let w(g) = 2*c(g) + 11*n(g). List the prime factors of w(b).
13
Suppose -5*v - 15 - 20 = 0. Let p = v - -17. List the prime factors of p.
2, 5
Let l(r) = 2*r - 8. Let w(x) = -2*x + 7. Let d(b) = -2*l(b) - 3*w(b). Let t be d(4). Let u(m) = m - 1. List the prime factors of u(t).
2
Suppose z - 31 = -6. Suppose 2*q = -3*p + z, 0*q = -3*p + 3*q + 30. What are the prime factors of p?
3
Suppose v + v = -3*t + 11, 2*t - 8 = -v. Suppose 5*f + 5 = -t*z, z - 2*f = 3*f + 5. Suppose 4*q + 5 - 33 = z. List the prime factors of q.
7
Suppose 0 = -5*g + 3*j + 24, 2*g = -9*j + 4*j + 22. Let f be 5*1/(15/g). Suppose 0*p + 12 = f*p. List the prime factors of p.
2, 3
Let b(g) = 24*g + 5. Let q be b(-4). What are the prime factors of q/(-5) - 1/5?
2, 3
Let x(t) = 7*t**2 + t. What are the prime factors of x(-1)?
2, 3
Let i(y) = y**3 + 5*y**2 - 9*y - 6. Let t be i(-6). Suppose w + t = -w. Let h = -4 - w. List the prime factors of h.
2
Let f be (-41)/4 + (-9)/12. Let d = 11 + f. Suppose d = 2*x + 9 - 37. List the prime factors of x.
2, 7
What are the prime factors of (-7)/(21/(-66)) - (1 + -2)?
23
Let f(w) = -w**3 + 6*w**2 - 7*w + 6. Let t be f(5). Let x = 10 - t. What are the prime factors of x?
2, 7
Let q = 8 + -3. Let p(u) = -u**2 - u + 2. Let o be p(-2). Suppose q*z - 27 - 28 = o. What are the prime factors of z?
11
Let s = -28 + 32. List the prime factors of s.
2
List the prime factors of 54 + -4 + -3 + 0.
47
Let m(u) = -3*u**3 - 4*u + 2*u**3 + 2 + 3*u - u**2. What are the prime factors of m(0)?
2
Let j = -9 - -11. Suppose j*y + 74 = 4*k, 2*y - 30 = -4*k + 56. What are the prime factors of k?
2, 5
Suppose -d + 38 = -20. List the prime factors of d.
2, 29
Suppose 0 = -4*s + 5*l + 1090, -s = -2*s - 4*l + 262. List the prime factors of s.
2, 3, 5
What are the prime factors of (1 + (-4)/6)/((-25)/(-10275))?
137
Suppose 220 = 11*h - 7*h. What are the prime factors of h?
5, 11
Suppose -3*d + 141 = -3*i, 6*i - 2*i + 239 = 5*d. List the prime factors of d.
3, 17
Suppose 0 = -5*t + 251 + 74. What are the prime factors of t?
5, 13
Let i be (-9)/(-2)*4/6. What are the prime factors of 5/i + 7/21?
2
Let g = 15 - 3. Let n = 4 - g. Let w = -6 - n. List the prime factors of w.
2
Let k(j) = j**3 + 10*j**2 + j + 5. Let y be k(-6). Suppose -g - 28 = -5*z - y, 0 = -3*z + 3*g - 69. Let i = 35 + z. List the prime factors of i.
2, 3
Suppose -s + 0*w + 125 = -w, 0 = w. What are the prime factors of s?
5
Suppose 4*s - 69 = 5*h, 35 = 5*s + 3*h - 42. Suppose -5*a = -j + 20, a - 3*a - s = -2*j. What are the prime factors of j?
5
Suppose 0 = v - 4*m + 6*m + 1, 3 = -2*v - 5*m. Let a(k) = 49*k + 1. Let g be a(v). Suppose 5*s = -4*d + g, 4*d + 3*s - s = 44. What are the prime factors of d?
2, 5
Let w = 691 - 450. What are the prime factors of w?
241
Let d(i) = 2*i**2 + 5*i + 2. Let w be d(-4). Let m(c) = c - 4. Let h be m(-3). Let f = h + w. What are the prime factors of f?
7
Suppose 3*q + 9 = 0, 0 = 2*w - 4*w + q + 101. What are the prime factors of w?
7
Suppose 8 = p + p. Suppose 3*t + 4 = p*t. What are the prime factors of t?
2
Suppose 2*p - 4*m = 6, 14 + 22 = 2*p + 2*m. Let x = 18 - p. List the prime factors of x.
5
What are the prime factors of (-2270)/15*(-18)/12?
227
Suppose 800 = 14*a - 6*a. What are the prime factors of a?
2, 5
Suppose -5*x + x + c = -48, -2*x = -2*c - 30. List the prime factors of x.
11
Let x(b) = -3*b - 3. Let a be x(-2). What are the prime factors of a/(0 + (-3)/(-10))?
2, 5
Let w = -3 + -2. Let v = w - -8. List the prime factors of v.
3
Let q = -7 + 12. Suppose -2*l = -q - 3. What are the prime factors of l?
2
Suppose 5 = -2*g - 25. Let q = -4 + 25. Let w = g + q. What are the prime factors of w?
2, 3
Let m(c) = 7 - 2*c**2 + 2*c + 0 - 3*c + c**2. List the prime factors of m(0).
7
Suppose 6*j = j. What are the prime factors of (-2 + j)*(-46)/4?
23
Let v = 6 + -7. Let t = v - -9. What are the prime factors of t?
2
Suppose -4*n + 18 = -5*n. Let b = -5 - n. List the prime factors of b.
13
Let l = -6 - -47